 digit of 1693769?
9
What is the units digit of 749213?
3
What is the ten millions digit of 12732575?
1
What is the hundreds digit of 827603?
6
What is the millions digit of 10086046?
0
What is the ten thousands digit of 3804018?
0
What is the hundreds digit of 14224113?
1
What is the ten thousands digit of 3363660?
6
What is the hundreds digit of 1086366?
3
What is the thousands digit of 20019738?
9
What is the units digit of 34591?
1
What is the tens digit of 414592?
9
What is the hundreds digit of 4107435?
4
What is the tens digit of 225261?
6
What is the units digit of 454066?
6
What is the ten thousands digit of 187386?
8
What is the units digit of 500631?
1
What is the thousands digit of 2919654?
9
What is the hundreds digit of 89586?
5
What is the units digit of 2979886?
6
What is the hundred thousands digit of 4159226?
1
What is the units digit of 395393?
3
What is the thousands digit of 5933476?
3
What is the thousands digit of 8929926?
9
What is the hundred thousands digit of 112318?
1
What is the ten thousands digit of 61508?
6
What is the hundreds digit of 60765?
7
What is the hundred thousands digit of 563981?
5
What is the units digit of 375937?
7
What is the units digit of 751764?
4
What is the thousands digit of 604799?
4
What is the tens digit of 383670?
7
What is the ten thousands digit of 313375?
1
What is the ten thousands digit of 551308?
5
What is the hundred thousands digit of 8262594?
2
What is the millions digit of 2481603?
2
What is the ten thousands digit of 2811311?
1
What is the hundreds digit of 351702?
7
What is the units digit of 51587?
7
What is the thousands digit of 521532?
1
What is the millions digit of 4829249?
4
What is the thousands digit of 156836?
6
What is the tens digit of 1284156?
5
What is the units digit of 1495858?
8
What is the thousands digit of 114341?
4
What is the hundreds digit of 592342?
3
What is the ten thousands digit of 86578?
8
What is the hundreds digit of 490811?
8
What is the units digit of 17004009?
9
What is the units digit of 9540571?
1
What is the ten thousands digit of 26407730?
0
What is the units digit of 376772?
2
What is the hundred thousands digit of 457401?
4
What is the ten thousands digit of 277821?
7
What is the hundred thousands digit of 33091006?
0
What is the units digit of 842805?
5
What is the hundred thousands digit of 4767929?
7
What is the units digit of 6410664?
4
What is the ten thousands digit of 2166911?
6
What is the ten thousands digit of 11317016?
1
What is the tens digit of 88255?
5
What is the thousands digit of 257921?
7
What is the hundred thousands digit of 145606?
1
What is the ten thousands digit of 41297?
4
What is the tens digit of 6238944?
4
What is the hundreds digit of 20939027?
0
What is the ten thousands digit of 261258?
6
What is the ten millions digit of 15931437?
1
What is the millions digit of 2148401?
2
What is the tens digit of 482499?
9
What is the thousands digit of 2925987?
5
What is the hundred thousands digit of 812851?
8
What is the hundred thousands digit of 7286212?
2
What is the ten thousands digit of 2470497?
7
What is the hundred thousands digit of 319411?
3
What is the millions digit of 2408029?
2
What is the thousands digit of 6569235?
9
What is the hundreds digit of 14015?
0
What is the thousands digit of 65616?
5
What is the tens digit of 125359?
5
What is the ten thousands digit of 216812?
1
What is the ten thousands digit of 2483743?
8
What is the hundred thousands digit of 253825?
2
What is the hundred thousands digit of 1115176?
1
What is the tens digit of 332541?
4
What is the hundreds digit of 12950?
9
What is the ten thousands digit of 466574?
6
What is the tens digit of 4099469?
6
What is the ten thousands digit of 2195807?
9
What is the ten thousands digit of 416562?
1
What is the millions digit of 6674394?
6
What is the thousands digit of 3708879?
8
What is the tens digit of 1947083?
8
What is the thousands digit of 21100440?
0
What is the hundreds digit of 885416?
4
What is the thousands digit of 85157?
5
What is the units digit of 1021815?
5
What is the tens digit of 727220?
2
What is the thousands digit of 20661?
0
What is the thousands digit of 27314?
7
What is the thousands digit of 336957?
6
What is the units digit of 16378578?
8
What is the ten millions digit of 26821540?
2
What is the tens digit of 741054?
5
What is the thousands digit of 121708?
1
What is the tens digit of 577490?
9
What is the hundred thousands digit of 3138375?
1
What is the units digit of 744774?
4
What is the hundreds digit of 804597?
5
What is the millions digit of 1728038?
1
What is the tens digit of 33680449?
4
What is the tens digit of 881958?
5
What is the millions digit of 4729078?
4
What is the hundreds digit of 14443874?
8
What is the ten thousands digit of 620954?
2
What is the thousands digit of 2809941?
9
What is the units digit of 3010954?
4
What is the units digit of 100453?
3
What is the hundreds digit of 2891372?
3
What is the units digit of 1171990?
0
What is the units digit of 3611329?
9
What is the millions digit of 18717078?
8
What is the ten thousands digit of 6082710?
8
What is the ten thousands digit of 14349703?
4
What is the tens digit of 5124?
2
What is the hundreds digit of 819856?
8
What is the units digit of 181135?
5
What is the thousands digit of 1115551?
5
What is the units digit of 110494?
4
What is the thousands digit of 366623?
6
What is the hundred thousands digit of 2275302?
2
What is the thousands digit of 2380983?
0
What is the units digit of 3210929?
9
What is the units digit of 6551715?
5
What is the hundred thousands digit of 5680342?
6
What is the tens digit of 446886?
8
What is the ten thousands digit of 11917141?
1
What is the hundred thousands digit of 331298?
3
What is the ten thousands digit of 23672200?
7
What is the ten thousands digit of 420145?
2
What is the hundred thousands digit of 20469761?
4
What is the ten thousands digit of 1351795?
5
What is the hundred thousands digit of 1128514?
1
What is the hundred thousands digit of 11645565?
6
What is the millions digit of 6020182?
6
What is the units digit of 11799785?
5
What is the hundreds digit of 635724?
7
What is the hundreds digit of 3333145?
1
What is the hundred thousands digit of 899778?
8
What is the ten thousands digit of 2152433?
5
What is the tens digit of 225?
2
What is the ten thousands digit of 342426?
4
What is the tens digit of 29330144?
4
What is the units digit of 94176?
6
What is the millions digit of 13008065?
3
What is the hundred thousands digit of 744988?
7
What is the ten thousands digit of 540997?
4
What is the tens digit of 338702?
0
What is the thousands digit of 12455773?
5
What is the hundred thousands digit of 3027663?
0
What is the tens digit of 1228695?
9
What is the units digit of 3191573?
3
What is the tens digit of 416443?
4
What is the thousands digit of 994556?
4
What is the millions digit of 5098612?
5
What is the tens digit of 204279?
7
What is the thousands digit of 284237?
4
What is the tens digit of 84339?
3
What is the ten thousands digit of 645312?
4
What is the hundreds digit of 51422?
4
What is the units digit of 6331856?
6
What is the millions digit of 7178288?
7
What is the hundreds digit of 505012?
0
What is the thousands digit of 6341984?
1
What is the units digit of 328160?
0
What is the tens digit of 1582788?
8
What is the hundred thousands digit of 1614193?
6
What is the tens digit of 1678535?
3
What is the millions digit of 34400212?
4
What is the hundreds digit of 267494?
4
What is the ten thousands digit of 5594770?
9
What is the ten thousands digit of 9074637?
7
What is the hundreds digit of 6021715?
7
What is the millions digit of 8076356?
8
What is the hundreds digit of 15369297?
2
What is the thousands digit of 1199012?
9
What is the ten thousands digit of 113237?
1
What is the hundreds digit of 5303621?
6
What is the hundreds digit of 26424?
4
What is the hundreds digit of 372866?
8
What is the units digit of 960485?
5
What is the tens digit of 406212?
1
What is the hundreds digit of 5995558?
5
What is the hundred thousands digit of 2147855?
1
What is the thousands digit of 814750?
4
What is the tens digit of 17754145?
4
What is the thousands digit of 394027?
4
Wha